{"id":27,"date":"2024-03-28T17:52:34","date_gmt":"2024-03-28T17:52:34","guid":{"rendered":"https:\/\/cryptrz.org\/wordpress\/?page_id=27"},"modified":"2026-01-23T19:43:56","modified_gmt":"2026-01-23T17:43:56","slug":"about","status":"publish","type":"page","link":"https:\/\/cryptrz.org\/wordpress\/about\/","title":{"rendered":"\u00c0 Propos"},"content":{"rendered":"<div class=\"wp-block-image\">\n<figure class=\"alignright size-full is-resized\"><img loading=\"lazy\" decoding=\"async\" width=\"800\" height=\"800\" src=\"https:\/\/cryptrz.org\/wordpress\/wp-content\/uploads\/2025\/02\/cryptrz.jpeg\" alt=\"\" class=\"wp-image-23441\" style=\"width:138px;height:auto\" srcset=\"https:\/\/cryptrz.org\/wordpress\/wp-content\/uploads\/2025\/02\/cryptrz.jpeg 800w, https:\/\/cryptrz.org\/wordpress\/wp-content\/uploads\/2025\/02\/cryptrz-300x300.jpeg 300w, https:\/\/cryptrz.org\/wordpress\/wp-content\/uploads\/2025\/02\/cryptrz-150x150.jpeg 150w, https:\/\/cryptrz.org\/wordpress\/wp-content\/uploads\/2025\/02\/cryptrz-768x768.jpeg 768w, https:\/\/cryptrz.org\/wordpress\/wp-content\/uploads\/2025\/02\/cryptrz-640x640.jpeg 640w, https:\/\/cryptrz.org\/wordpress\/wp-content\/uploads\/2025\/02\/cryptrz-180x180.jpeg 180w\" sizes=\"auto, (max-width: 800px) 100vw, 800px\" \/><\/figure>\n<\/div>\n\n\n<p>Il semblerait que vous vous soyez perdus dans les limbes du web, bienvenue \u00e0 vous chers naufrag\u00e9s.<\/p>\n\n\n\n<p>Cette place regroupe(ra) mes divers centres d&rsquo;int\u00e9r\u00eats, qui tournent principalement autour de l&rsquo;informatique en g\u00e9n\u00e9ral et plus particuli\u00e8rement l&rsquo;open source et la cybers\u00e9curit\u00e9, dont plusieurs articles sont d\u00e9j\u00e0 disponibles ici mais aussi d&rsquo;autres domaines qui sont \u00e0 venir.<\/p>\n\n\n\n<h2 class=\"wp-block-heading\">Centres d&rsquo;int\u00e9r\u00eats pr\u00e9sents ou \u00e0 venir<\/h2>\n\n\n\n<p><\/p>\n\n\n<div class=\"wp-block-image\">\n<figure class=\"alignleft size-thumbnail is-resized\"><img loading=\"lazy\" decoding=\"async\" width=\"150\" height=\"150\" src=\"https:\/\/cryptrz.org\/wordpress\/wp-content\/uploads\/2025\/02\/buddha_sysadmin_blue-2-150x150.png\" alt=\"\" class=\"wp-image-23445\" style=\"width:181px;height:auto\" srcset=\"https:\/\/cryptrz.org\/wordpress\/wp-content\/uploads\/2025\/02\/buddha_sysadmin_blue-2-150x150.png 150w, https:\/\/cryptrz.org\/wordpress\/wp-content\/uploads\/2025\/02\/buddha_sysadmin_blue-2-300x300.png 300w, https:\/\/cryptrz.org\/wordpress\/wp-content\/uploads\/2025\/02\/buddha_sysadmin_blue-2-180x180.png 180w, https:\/\/cryptrz.org\/wordpress\/wp-content\/uploads\/2025\/02\/buddha_sysadmin_blue-2.png 640w\" sizes=\"auto, (max-width: 150px) 100vw, 150px\" \/><\/figure>\n<\/div>\n\n\n<p>Parmi les diff\u00e9rents domaines qui attirent mon attention, il y a l&rsquo;<strong>informatique<\/strong> que je dont je vais parler dans la prochaine section, mais aussi la <strong>philosophie<\/strong> prend une place de plus en plus importante au quotidien, il arrivera un moment o\u00f9 je publierai sur ce sujet. Il est int\u00e9ressant de combiner <strong>science<\/strong> et <strong>tech<\/strong> avec un peu de pens\u00e9e <strong>stoicienne<\/strong> ou <strong>bouddhiste<\/strong> qui sont plus compatibles que ce qu&rsquo;on pourrait penser. <\/p>\n\n\n\n<p>La musique est aussi un domaine important auquel j&rsquo;ai consacr\u00e9 une vingtaine d&rsquo;ann\u00e9es en tant que <a href=\"https:\/\/www.reverbnation.com\/franckridel\" target=\"_blank\" rel=\"noreferrer noopener\">guitariste<\/a> et <a href=\"http:\/\/ridel.centerblog.net\/\" target=\"_blank\" rel=\"noreferrer noopener\">prof de musique<\/a> en <a href=\"https:\/\/fr.wikipedia.org\/wiki\/Normandie\" target=\"_blank\" rel=\"noreferrer noopener\">Normandie<\/a>. Je ne pratique plus r\u00e9ellement mais la passion pour la d\u00e9couverte de nouveaux artistes et l&rsquo;\u00e9coute active ainsi que l&rsquo;analyse musicale sont toujours l\u00e0. <\/p>\n\n\n\n<h2 class=\"wp-block-heading\">Tech<\/h2>\n\n\n<div class=\"wp-block-image\">\n<figure class=\"alignright size-medium\"><img loading=\"lazy\" decoding=\"async\" width=\"300\" height=\"196\" src=\"https:\/\/cryptrz.org\/wordpress\/wp-content\/uploads\/2025\/02\/MO5-300x196.png\" alt=\"\" class=\"wp-image-23450\" srcset=\"https:\/\/cryptrz.org\/wordpress\/wp-content\/uploads\/2025\/02\/MO5-300x196.png 300w, https:\/\/cryptrz.org\/wordpress\/wp-content\/uploads\/2025\/02\/MO5.png 507w\" sizes=\"auto, (max-width: 300px) 100vw, 300px\" \/><\/figure>\n<\/div>\n\n\n<p>Les diff\u00e9rentes technos qui nous entourent m&rsquo;ont toujours attir\u00e9 depuis tout petit quand j&rsquo;ouvrais tout ce qui a des vis et de l&rsquo;\u00e9lectronique, ou quand je tapais mes premi\u00e8res lignes de code sur <a href=\"https:\/\/fr.wikipedia.org\/wiki\/Thomson_MO5\" target=\"_blank\" rel=\"noreferrer noopener\">MO5<\/a> en <a href=\"https:\/\/fr.wikipedia.org\/wiki\/Basic_(langage)\" target=\"_blank\" rel=\"noreferrer noopener\">BASIC 1.0<\/a> \u00e0 la fin des ann\u00e9es 80. Apr\u00e8s tout ce temps pass\u00e9 dans la musique, il est arriv\u00e9 un moment o\u00f9 j&rsquo;avais envie de revenir \u00e0 mes premiers amours et de consacrer plus de temps \u00e0 l&rsquo;informatique et la tech en g\u00e9n\u00e9ral, j&rsquo;ai donc d\u00e9cid\u00e9 d&rsquo;en faire mon <a href=\"https:\/\/cryptrz.org\/wordpress\/portfolio\/\" target=\"_blank\" rel=\"noreferrer noopener\">activit\u00e9 principale<\/a>. C&rsquo;est alors que je suis parti \u00e0 <a href=\"https:\/\/fr.wikipedia.org\/wiki\/Bucarest\" target=\"_blank\" rel=\"noreferrer noopener\">Bucarest<\/a> en 2017, ville o\u00f9 je suis rest\u00e9 jusqu&rsquo;\u00e0 mon d\u00e9part pour le <a href=\"https:\/\/fr.wikipedia.org\/wiki\/Luxembourg\" target=\"_blank\" rel=\"noreferrer noopener\">Luxembourg<\/a> fin 2023.<\/p>\n\n\n\n<p>Mes activit\u00e9s professionelles effectu\u00e9es \u00e0 <strong>Bucarest<\/strong> vont de l&rsquo;<a href=\"https:\/\/fr.wikipedia.org\/wiki\/Centre_d%27assistance\" target=\"_blank\" rel=\"noreferrer noopener\">assistance technique<\/a> pour, entres autres, <a href=\"https:\/\/www.bouyguestelecom.fr\/\" target=\"_blank\" rel=\"noreferrer noopener\">Bouygues Telecom<\/a>, <a href=\"https:\/\/www.samsung.com\/fr\/\" target=\"_blank\" rel=\"noreferrer noopener\">Samsung<\/a> et <a href=\"https:\/\/www.nvidia.com\/fr-fr\/\" target=\"_blank\" rel=\"noreferrer noopener\">NVIDIA<\/a> au <a href=\"https:\/\/fr.wikipedia.org\/wiki\/Test_d%27intrusion\" target=\"_blank\" rel=\"noreferrer noopener\">pentesting<\/a> chez <a href=\"https:\/\/globalsolutioncentre.societegenerale.ro\/en\/\" target=\"_blank\" rel=\"noreferrer noopener\">Soci\u00e9t\u00e9 G\u00e9n\u00e9rale GSC<\/a>. L&rsquo;<a href=\"https:\/\/fr.wikipedia.org\/wiki\/Administrateur_syst%C3%A8me\" target=\"_blank\" rel=\"noreferrer noopener\">administration syst\u00e8me<\/a> est maintenant l&rsquo;activit\u00e9 que j&rsquo;exerce pour <a href=\"https:\/\/lhc.lu\/\" target=\"_blank\" rel=\"noreferrer noopener\">Luxembourg House of Cybersecurity<\/a> depuis 2024, qui combine un peu tout ce que j&rsquo;ai fait en I.T. ces derni\u00e8res ann\u00e9es: dev, r\u00e9seaux, cybers\u00e9curit\u00e9, assistance technique, \u00e9criture de documentation et bien d&rsquo;autres choses, <\/p>\n\n\n\n<p>Je travaille aussi ponctuellement pour des particuliers ou divers organismes pour les aider \u00e0 am\u00e9liorer ou analyser leurs syst\u00e8mes, ou j&rsquo;\u00e9cris des articles de blog ou ebooks pour aider autant que possible.<\/p>\n\n\n\n<h2 class=\"wp-block-heading\">Quoi d&rsquo;autre?<\/h2>\n\n\n\n<p>En dehors de \u00e7a, je code parfois <a href=\"https:\/\/github.com\/cryptrz\/\" target=\"_blank\" rel=\"noreferrer noopener\">des trucs<\/a>, passe un peu de temps sur <a href=\"https:\/\/tryhackme.com\/r\/p\/cryptrz\" target=\"_blank\" rel=\"noreferrer noopener\">TryHackMe<\/a>, prends des photos qu&rsquo;on peut retrouver sur <a href=\"https:\/\/unsplash.com\/@cryptrz\" target=\"_blank\" rel=\"noreferrer noopener\">Unsplash<\/a> et <a href=\"https:\/\/www.flickr.com\/photos\/184862423@N06\/\" target=\"_blank\" rel=\"noreferrer noopener\">Flickr<\/a>, cr\u00e9\u00e9 ou customise <a href=\"https:\/\/dribbble.com\/FranckRidel\" target=\"_blank\" rel=\"noreferrer noopener\">quelques images<\/a> sur <a href=\"https:\/\/www.gimp.org\/\" target=\"_blank\" rel=\"noreferrer noopener\">Gimp<\/a>, lis sur <a href=\"https:\/\/cryptrz.org\/wordpress\/read-books\/\" target=\"_blank\" rel=\"noreferrer noopener\">pas mal de sujets<\/a>, contribue de plus en plus sur <a href=\"https:\/\/openlibrary.org\/people\/cryptrz\" target=\"_blank\" rel=\"noreferrer noopener\">OpenLibrary<\/a> et publie sur <a href=\"https:\/\/archive.org\/search?query=creator%3A%22Franck+Ridel%22\" target=\"_blank\" rel=\"noreferrer noopener\">Internet Archive<\/a> divers \u00e9crits, enregistrements ou tuto.<\/p>\n\n\n\n<p>Je pense qu&rsquo;on a fait le tour.<\/p>\n\n\n<div class=\"wp-block-image\">\n<figure class=\"aligncenter size-medium\"><img loading=\"lazy\" decoding=\"async\" width=\"300\" height=\"200\" src=\"https:\/\/cryptrz.org\/wordpress\/wp-content\/uploads\/2024\/03\/image-300x200.png\" alt=\"\" class=\"wp-image-38\" srcset=\"https:\/\/cryptrz.org\/wordpress\/wp-content\/uploads\/2024\/03\/image-300x200.png 300w, https:\/\/cryptrz.org\/wordpress\/wp-content\/uploads\/2024\/03\/image.png 744w\" sizes=\"auto, (max-width: 300px) 100vw, 300px\" \/><\/figure>\n<\/div>\n\n\n<p>Tout ce qui se trouve sur ce site est sous licence <a data-type=\"link\" data-id=\"https:\/\/creativecommons.org\/licenses\/by-sa\/4.0\/\" href=\"https:\/\/creativecommons.org\/licenses\/by-sa\/4.0\/\">CC BY SA 4.0<\/a>, c&rsquo;est-\u00e0-dire libre de partager et d&rsquo;adapter tout en gardant la m\u00eame licence, en esp\u00e9rant que ce contenu sera utile pour vous et\/ou votre travail. Fa\u00eetes vous plaisir!<\/p>\n\n\n\n<p><\/p>\n","protected":false},"excerpt":{"rendered":"<p>Il semblerait que vous vous soyez perdus dans les limbes du web, bienvenue \u00e0 vous chers naufrag\u00e9s. Cette place regroupe(ra) mes divers centres d&rsquo;int\u00e9r\u00eats, qui tournent principalement autour de l&rsquo;informatique<a href=\"https:\/\/cryptrz.org\/wordpress\/about\/\" class=\"more-link\"><span class=\"readmore\">Continue reading<span class=\"screen-reader-text\">\u00c0 Propos<\/span><\/span><\/a><\/p>\n","protected":false},"author":1,"featured_media":0,"parent":0,"menu_order":0,"comment_status":"closed","ping_status":"closed","template":"","meta":{"jetpack_post_was_ever_published":false,"footnotes":""},"class_list":["post-27","page","type-page","status-publish","hentry"],"yoast_head":"<!-- This site is optimized with the Yoast SEO plugin v27.3 - https:\/\/yoast.com\/product\/yoast-seo-wordpress\/ -->\n<title>\u00c0 Propos &#8226; Cryptrz<\/title>\n<meta name=\"robots\" content=\"index, follow, max-snippet:-1, max-image-preview:large, max-video-preview:-1\" \/>\n<link rel=\"canonical\" href=\"https:\/\/cryptrz.org\/wordpress\/about\/\" \/>\n<meta property=\"og:locale\" content=\"fr_FR\" \/>\n<meta property=\"og:type\" content=\"article\" \/>\n<meta property=\"og:title\" content=\"\u00c0 Propos &#8226; Cryptrz\" \/>\n<meta property=\"og:description\" content=\"Il semblerait que vous vous soyez perdus dans les limbes du web, bienvenue \u00e0 vous chers naufrag\u00e9s. Cette place regroupe(ra) mes divers centres d&rsquo;int\u00e9r\u00eats, qui tournent principalement autour de l&rsquo;informatiqueContinue reading\u00c0 Propos\" \/>\n<meta property=\"og:url\" content=\"https:\/\/cryptrz.org\/wordpress\/about\/\" \/>\n<meta property=\"og:site_name\" content=\"Cryptrz\" \/>\n<meta property=\"article:modified_time\" content=\"2026-01-23T17:43:56+00:00\" \/>\n<meta property=\"og:image\" content=\"https:\/\/cryptrz.org\/wordpress\/wp-content\/uploads\/2025\/02\/cryptrz.jpeg\" \/>\n\t<meta property=\"og:image:width\" content=\"800\" \/>\n\t<meta property=\"og:image:height\" content=\"800\" \/>\n\t<meta property=\"og:image:type\" content=\"image\/jpeg\" \/>\n<meta name=\"twitter:card\" content=\"summary_large_image\" \/>\n<meta name=\"twitter:label1\" content=\"Dur\u00e9e de lecture estim\u00e9e\" \/>\n\t<meta name=\"twitter:data1\" content=\"4 minutes\" \/>\n<script type=\"application\/ld+json\" class=\"yoast-schema-graph\">{\"@context\":\"https:\\\/\\\/schema.org\",\"@graph\":[{\"@type\":\"WebPage\",\"@id\":\"https:\\\/\\\/cryptrz.org\\\/wordpress\\\/about\\\/\",\"url\":\"https:\\\/\\\/cryptrz.org\\\/wordpress\\\/about\\\/\",\"name\":\"\u00c0 Propos &#8226; Cryptrz\",\"isPartOf\":{\"@id\":\"https:\\\/\\\/cryptrz.org\\\/wordpress\\\/#website\"},\"primaryImageOfPage\":{\"@id\":\"https:\\\/\\\/cryptrz.org\\\/wordpress\\\/about\\\/#primaryimage\"},\"image\":{\"@id\":\"https:\\\/\\\/cryptrz.org\\\/wordpress\\\/about\\\/#primaryimage\"},\"thumbnailUrl\":\"https:\\\/\\\/cryptrz.org\\\/wordpress\\\/wp-content\\\/uploads\\\/2025\\\/02\\\/cryptrz.jpeg\",\"datePublished\":\"2024-03-28T17:52:34+00:00\",\"dateModified\":\"2026-01-23T17:43:56+00:00\",\"breadcrumb\":{\"@id\":\"https:\\\/\\\/cryptrz.org\\\/wordpress\\\/about\\\/#breadcrumb\"},\"inLanguage\":\"fr-FR\",\"potentialAction\":[{\"@type\":\"ReadAction\",\"target\":[\"https:\\\/\\\/cryptrz.org\\\/wordpress\\\/about\\\/\"]}]},{\"@type\":\"ImageObject\",\"inLanguage\":\"fr-FR\",\"@id\":\"https:\\\/\\\/cryptrz.org\\\/wordpress\\\/about\\\/#primaryimage\",\"url\":\"https:\\\/\\\/cryptrz.org\\\/wordpress\\\/wp-content\\\/uploads\\\/2025\\\/02\\\/cryptrz.jpeg\",\"contentUrl\":\"https:\\\/\\\/cryptrz.org\\\/wordpress\\\/wp-content\\\/uploads\\\/2025\\\/02\\\/cryptrz.jpeg\",\"width\":800,\"height\":800},{\"@type\":\"BreadcrumbList\",\"@id\":\"https:\\\/\\\/cryptrz.org\\\/wordpress\\\/about\\\/#breadcrumb\",\"itemListElement\":[{\"@type\":\"ListItem\",\"position\":1,\"name\":\"Accueil\",\"item\":\"https:\\\/\\\/cryptrz.org\\\/wordpress\\\/\"},{\"@type\":\"ListItem\",\"position\":2,\"name\":\"\u00c0 Propos\"}]},{\"@type\":\"WebSite\",\"@id\":\"https:\\\/\\\/cryptrz.org\\\/wordpress\\\/#website\",\"url\":\"https:\\\/\\\/cryptrz.org\\\/wordpress\\\/\",\"name\":\"Cryptrz\",\"description\":\"Franck Ridel\",\"publisher\":{\"@id\":\"https:\\\/\\\/cryptrz.org\\\/wordpress\\\/#\\\/schema\\\/person\\\/24ebe8f2cc302fa3336ab7509a09b7ec\"},\"alternateName\":\"Franck Ridel\",\"potentialAction\":[{\"@type\":\"SearchAction\",\"target\":{\"@type\":\"EntryPoint\",\"urlTemplate\":\"https:\\\/\\\/cryptrz.org\\\/wordpress\\\/?s={search_term_string}\"},\"query-input\":{\"@type\":\"PropertyValueSpecification\",\"valueRequired\":true,\"valueName\":\"search_term_string\"}}],\"inLanguage\":\"fr-FR\"},{\"@type\":[\"Person\",\"Organization\"],\"@id\":\"https:\\\/\\\/cryptrz.org\\\/wordpress\\\/#\\\/schema\\\/person\\\/24ebe8f2cc302fa3336ab7509a09b7ec\",\"name\":\"cryptrz\",\"image\":{\"@type\":\"ImageObject\",\"inLanguage\":\"fr-FR\",\"@id\":\"https:\\\/\\\/cryptrz.org\\\/wordpress\\\/wp-content\\\/uploads\\\/2024\\\/09\\\/cover-design.jpg\",\"url\":\"https:\\\/\\\/cryptrz.org\\\/wordpress\\\/wp-content\\\/uploads\\\/2024\\\/09\\\/cover-design.jpg\",\"contentUrl\":\"https:\\\/\\\/cryptrz.org\\\/wordpress\\\/wp-content\\\/uploads\\\/2024\\\/09\\\/cover-design.jpg\",\"width\":1024,\"height\":1024,\"caption\":\"cryptrz\"},\"logo\":{\"@id\":\"https:\\\/\\\/cryptrz.org\\\/wordpress\\\/wp-content\\\/uploads\\\/2024\\\/09\\\/cover-design.jpg\"},\"description\":\"Sysadmin de Luxembourg House of Cybersecurity fan d'open source et autres Unixeries\",\"sameAs\":[\"https:\\\/\\\/cryptrz.org\\\/wordpress\",\"https:\\\/\\\/www.linkedin.com\\\/in\\\/franck-ridel\\\/\",\"https:\\\/\\\/www.youtube.com\\\/@FranckRidel\",\"https:\\\/\\\/soundcloud.com\\\/franck-ridel-2\"]}]}<\/script>\n<!-- \/ Yoast SEO plugin. -->","yoast_head_json":{"title":"\u00c0 Propos &#8226; Cryptrz","robots":{"index":"index","follow":"follow","max-snippet":"max-snippet:-1","max-image-preview":"max-image-preview:large","max-video-preview":"max-video-preview:-1"},"canonical":"https:\/\/cryptrz.org\/wordpress\/about\/","og_locale":"fr_FR","og_type":"article","og_title":"\u00c0 Propos &#8226; Cryptrz","og_description":"Il semblerait que vous vous soyez perdus dans les limbes du web, bienvenue \u00e0 vous chers naufrag\u00e9s. Cette place regroupe(ra) mes divers centres d&rsquo;int\u00e9r\u00eats, qui tournent principalement autour de l&rsquo;informatiqueContinue reading\u00c0 Propos","og_url":"https:\/\/cryptrz.org\/wordpress\/about\/","og_site_name":"Cryptrz","article_modified_time":"2026-01-23T17:43:56+00:00","og_image":[{"width":800,"height":800,"url":"https:\/\/cryptrz.org\/wordpress\/wp-content\/uploads\/2025\/02\/cryptrz.jpeg","type":"image\/jpeg"}],"twitter_card":"summary_large_image","twitter_misc":{"Dur\u00e9e de lecture estim\u00e9e":"4 minutes"},"schema":{"@context":"https:\/\/schema.org","@graph":[{"@type":"WebPage","@id":"https:\/\/cryptrz.org\/wordpress\/about\/","url":"https:\/\/cryptrz.org\/wordpress\/about\/","name":"\u00c0 Propos &#8226; Cryptrz","isPartOf":{"@id":"https:\/\/cryptrz.org\/wordpress\/#website"},"primaryImageOfPage":{"@id":"https:\/\/cryptrz.org\/wordpress\/about\/#primaryimage"},"image":{"@id":"https:\/\/cryptrz.org\/wordpress\/about\/#primaryimage"},"thumbnailUrl":"https:\/\/cryptrz.org\/wordpress\/wp-content\/uploads\/2025\/02\/cryptrz.jpeg","datePublished":"2024-03-28T17:52:34+00:00","dateModified":"2026-01-23T17:43:56+00:00","breadcrumb":{"@id":"https:\/\/cryptrz.org\/wordpress\/about\/#breadcrumb"},"inLanguage":"fr-FR","potentialAction":[{"@type":"ReadAction","target":["https:\/\/cryptrz.org\/wordpress\/about\/"]}]},{"@type":"ImageObject","inLanguage":"fr-FR","@id":"https:\/\/cryptrz.org\/wordpress\/about\/#primaryimage","url":"https:\/\/cryptrz.org\/wordpress\/wp-content\/uploads\/2025\/02\/cryptrz.jpeg","contentUrl":"https:\/\/cryptrz.org\/wordpress\/wp-content\/uploads\/2025\/02\/cryptrz.jpeg","width":800,"height":800},{"@type":"BreadcrumbList","@id":"https:\/\/cryptrz.org\/wordpress\/about\/#breadcrumb","itemListElement":[{"@type":"ListItem","position":1,"name":"Accueil","item":"https:\/\/cryptrz.org\/wordpress\/"},{"@type":"ListItem","position":2,"name":"\u00c0 Propos"}]},{"@type":"WebSite","@id":"https:\/\/cryptrz.org\/wordpress\/#website","url":"https:\/\/cryptrz.org\/wordpress\/","name":"Cryptrz","description":"Franck Ridel","publisher":{"@id":"https:\/\/cryptrz.org\/wordpress\/#\/schema\/person\/24ebe8f2cc302fa3336ab7509a09b7ec"},"alternateName":"Franck Ridel","potentialAction":[{"@type":"SearchAction","target":{"@type":"EntryPoint","urlTemplate":"https:\/\/cryptrz.org\/wordpress\/?s={search_term_string}"},"query-input":{"@type":"PropertyValueSpecification","valueRequired":true,"valueName":"search_term_string"}}],"inLanguage":"fr-FR"},{"@type":["Person","Organization"],"@id":"https:\/\/cryptrz.org\/wordpress\/#\/schema\/person\/24ebe8f2cc302fa3336ab7509a09b7ec","name":"cryptrz","image":{"@type":"ImageObject","inLanguage":"fr-FR","@id":"https:\/\/cryptrz.org\/wordpress\/wp-content\/uploads\/2024\/09\/cover-design.jpg","url":"https:\/\/cryptrz.org\/wordpress\/wp-content\/uploads\/2024\/09\/cover-design.jpg","contentUrl":"https:\/\/cryptrz.org\/wordpress\/wp-content\/uploads\/2024\/09\/cover-design.jpg","width":1024,"height":1024,"caption":"cryptrz"},"logo":{"@id":"https:\/\/cryptrz.org\/wordpress\/wp-content\/uploads\/2024\/09\/cover-design.jpg"},"description":"Sysadmin de Luxembourg House of Cybersecurity fan d'open source et autres Unixeries","sameAs":["https:\/\/cryptrz.org\/wordpress","https:\/\/www.linkedin.com\/in\/franck-ridel\/","https:\/\/www.youtube.com\/@FranckRidel","https:\/\/soundcloud.com\/franck-ridel-2"]}]}},"jetpack_sharing_enabled":true,"jetpack_likes_enabled":true,"_links":{"self":[{"href":"https:\/\/cryptrz.org\/wordpress\/wp-json\/wp\/v2\/pages\/27","targetHints":{"allow":["GET"]}}],"collection":[{"href":"https:\/\/cryptrz.org\/wordpress\/wp-json\/wp\/v2\/pages"}],"about":[{"href":"https:\/\/cryptrz.org\/wordpress\/wp-json\/wp\/v2\/types\/page"}],"author":[{"embeddable":true,"href":"https:\/\/cryptrz.org\/wordpress\/wp-json\/wp\/v2\/users\/1"}],"replies":[{"embeddable":true,"href":"https:\/\/cryptrz.org\/wordpress\/wp-json\/wp\/v2\/comments?post=27"}],"version-history":[{"count":32,"href":"https:\/\/cryptrz.org\/wordpress\/wp-json\/wp\/v2\/pages\/27\/revisions"}],"predecessor-version":[{"id":74593,"href":"https:\/\/cryptrz.org\/wordpress\/wp-json\/wp\/v2\/pages\/27\/revisions\/74593"}],"wp:attachment":[{"href":"https:\/\/cryptrz.org\/wordpress\/wp-json\/wp\/v2\/media?parent=27"}],"curies":[{"name":"wp","href":"https:\/\/api.w.org\/{rel}","templated":true}]}}