{"id":45,"date":"2024-03-28T19:13:24","date_gmt":"2024-03-28T19:13:24","guid":{"rendered":"https:\/\/cryptrz.org\/wordpress\/?page_id=45"},"modified":"2025-09-14T19:25:54","modified_gmt":"2025-09-14T17:25:54","slug":"useful-links","status":"publish","type":"page","link":"https:\/\/cryptrz.org\/wordpress\/useful-links\/","title":{"rendered":"Liens utiles"},"content":{"rendered":"\n<h2 class=\"wp-block-heading\" id=\"created-by-myself\"><strong>Contenus cr\u00e9\u00e9s par Franck Ridel<\/strong><\/h2>\n\n\n\n<h4 class=\"wp-block-heading has-text-align-left\" id=\"learning-content\">Apprentissage<\/h4>\n\n\n\n<p class=\"has-text-align-left\"><a href=\"https:\/\/www.amazon.com\/Maintenir-s%C3%A9curiser-blog-sous-Wordpress-ebook\/dp\/B07B7C7J7H\" target=\"_blank\" rel=\"noreferrer noopener\">Maintenir et s\u00e9curiser son blog sous WordPress<\/a>: eBook sur la s\u00e9curit\u00e9 de WordPress<\/p>\n\n\n\n<p class=\"has-text-align-left\"><a href=\"https:\/\/docs.google.com\/presentation\/d\/e\/2PACX-1vS3ccFjUQ1S2Hvf5HL6PTRmTN8SRjo8KHc-tcL_DFeRL2FX0PlK2u2nkOaPbQBRGkgQDsyiC9tOrZ91\/pub?start=false&amp;loop=false&amp;delayms=3000\" target=\"_blank\" rel=\"noreferrer noopener\">Fedora as a pentesting OS<\/a>: Pr\u00e9sentation en anglais de la conteneurisation de Fedora pour les pentesters<a href=\"https:\/\/cryptrz.github.io\/Links\/#learning-content\"><\/a><\/p>\n\n\n\n<h4 class=\"wp-block-heading\" id=\"gists\">Github Gists<\/h4>\n\n\n\n<p><a href=\"https:\/\/gist.github.com\/cryptrz\" target=\"_blank\" rel=\"noreferrer noopener\">cryptrz\u2019s gists<\/a><a href=\"https:\/\/cryptrz.github.io\/Links\/#gists\"><\/a><\/p>\n\n\n\n<h4 class=\"wp-block-heading\" id=\"bookmarks\">Liste de liens<\/h4>\n\n\n\n<p><a href=\"https:\/\/start.me\/p\/vjEPvb\/thug-bounty\" target=\"_blank\" rel=\"noreferrer noopener\">Thug Bounty<\/a>&nbsp;(Pentest)<\/p>\n\n\n\n<p><a href=\"https:\/\/start.me\/p\/QRQb0O\/trouble-fake\" target=\"_blank\" rel=\"noreferrer noopener\">Trouble Fake<\/a>&nbsp;(OSINT)<a href=\"https:\/\/cryptrz.github.io\/Links\/#bookmarks\"><\/a><\/p>\n\n\n\n<h4 class=\"wp-block-heading\">Diverses archives<\/h4>\n\n\n\n<p><a href=\"https:\/\/archive.org\/search?query=creator%3A%22Franck%20Ridel%22\" target=\"_blank\" rel=\"noreferrer noopener\">Internet Archive<\/a><\/p>\n\n\n\n<hr class=\"wp-block-separator has-alpha-channel-opacity\"\/>\n\n\n\n<h2 class=\"wp-block-heading\" id=\"others\"><strong>Autres<\/strong> contenus<\/h2>\n\n\n\n<h4 class=\"wp-block-heading\" id=\"learn-and-practice-pentesting-for-free-or-almost\">Apprendre et pratiquer le pentesting gratuitement (ou presque)<\/h4>\n\n\n\n<p class=\"has-text-align-center\"><strong><span style=\"text-decoration: underline;\">En fran\u00e7ais<\/span><\/strong><\/p>\n\n\n\n<p><a href=\"https:\/\/www.root-me.org\/\">Root Me<\/a>&nbsp;(Gratuit. Quelques contenus sont toutefois disponibles en avant-premi\u00e8re aux comptes premium. Diponible aussi en anglais)<\/p>\n\n\n\n<hr class=\"wp-block-separator has-alpha-channel-opacity\"\/>\n\n\n\n<p class=\"has-text-align-center\"><strong><span style=\"text-decoration: underline;\">En anglais<\/span><\/strong><\/p>\n\n\n\n<p><a href=\"https:\/\/tryhackme.com\/\">TryHackMe<\/a>&nbsp;(De nombreuses rooms gratuites sont disponibles, le reste est accessible via des comptes premium.)<\/p>\n\n\n\n<p><a href=\"https:\/\/owasp.org\/www-project-juice-shop\/\">OWASP Juice Shop<\/a>&nbsp;(Gratuit) [&nbsp;<a href=\"https:\/\/demo.owasp-juice.shop\/api\/Challenges\">Demo<\/a>&nbsp;\/&nbsp;<a href=\"http:\/\/preview.owasp-juice.shop\/api\/Challenges\">Preview<\/a>&nbsp;]<\/p>\n\n\n\n<p><a href=\"https:\/\/owasp.org\/www-project-webgoat\/\">OWASP WebGoat<\/a>&nbsp;(Gratuit)<\/p>\n\n\n\n<p><a href=\"https:\/\/owasp.org\/www-project-mutillidae-ii\/\">OWASP Mutillidae II<\/a>&nbsp;(Gratuit)<\/p>\n\n\n\n<p><a href=\"https:\/\/owasp.org\/www-project-security-shepherd\/\">OWASP Security Shepherd<\/a>&nbsp;(Gratuit)<\/p>\n\n\n\n<p><a href=\"https:\/\/owasp.org\/www-project-damn-vulnerable-web-sockets\/\">OWASP Damn Vulnerable Web Sockets<\/a>&nbsp;(Gratuit)<\/p>\n\n\n\n<p><a href=\"https:\/\/www.vulnhub.com\/\">VulnHub<\/a>&nbsp;(Gratuit)<\/p>\n\n\n\n<p><a href=\"https:\/\/pentest-ground.com\/\">PentestGround<\/a>&nbsp;(Gratuit)<\/p>\n\n\n\n<p><a href=\"https:\/\/portswigger.net\/web-security\/dashboard\">Portswigger Web Security Academy<\/a>&nbsp;(Gratuit)<\/p>\n\n\n\n<p><a href=\"http:\/\/www.itsecgames.com\/\">bWAPP<\/a>&nbsp;(Gratuit)<\/p>\n\n\n\n<p><a href=\"https:\/\/docs.rapid7.com\/metasploit\/metasploitable-2\/\">Metasploitable 2<\/a>&nbsp;(Gratuit)<\/p>\n\n\n\n<p><a href=\"https:\/\/github.com\/digininja\/DVWA\">DVWA (Damn Vulnerable Web Application)<\/a>&nbsp;(Gratuit)<\/p>\n\n\n\n<p><a href=\"https:\/\/labs.hackxpert.com\/\">Uncle\u2019s Rat labs<\/a>&nbsp;(Gratuit)<\/p>\n\n\n\n<p><a href=\"https:\/\/overthewire.org\/wargames\/natas\/\">Natas<\/a>&nbsp;(Gratuit)<\/p>\n\n\n\n<p><a href=\"https:\/\/redtiger.labs.overthewire.org\/\">Red Tiger Labs<\/a>&nbsp;(Gratuit)<\/p>\n\n\n\n<p><a href=\"http:\/\/www.xssgame.com\/\">Google\u2019s XSS Game<\/a>&nbsp;(Gratuit)<\/p>\n\n\n\n<p><a href=\"https:\/\/google-gruyere.appspot.com\/\">Google Gruyere<\/a>&nbsp;(Gratuit)<\/p>\n\n\n\n<p><a href=\"https:\/\/ctf.hacker101.com\/\">Hacker101 CTF<\/a>&nbsp;(Gratuit)<\/p>\n\n\n\n<p><a href=\"https:\/\/capturetheflag.withgoogle.com\/\">Google\u2019s Capture The Flag<\/a>&nbsp;(Gratuit)<\/p>\n\n\n\n<p><a href=\"https:\/\/www.hackthebox.com\/\">Hack The Box<\/a>&nbsp;(Abonnement payant, mais quelques machines sont disponibles gratuitement.)<\/p>\n\n\n\n<p><a href=\"https:\/\/academy.hackthebox.com\/\">Hack The Box Academy<\/a>&nbsp;(Abonnement payant)<\/p>\n\n\n\n<p><a href=\"https:\/\/www.wechall.net\/active_sites\">We Chall<\/a>&nbsp;(Liste des sites actifs)<\/p>\n\n\n\n<p><a href=\"https:\/\/ctftime.org\/\">CTFtime<\/a>&nbsp;(Liste des \u00e9v\u00e9nements de la FFC)<a href=\"https:\/\/cryptrz.github.io\/Links\/#learn-and-practice-pentesting-for-free-or-almost\"><\/a><\/p>\n\n\n\n<p><a href=\"https:\/\/powershellforhackers.com\/\" target=\"_blank\" rel=\"noreferrer noopener\">PowerShellForHackers<\/a> (Site web pour apprendre PowerShell)<\/p>\n\n\n\n<h4 class=\"wp-block-heading\" id=\"non-profit-organizations\">Organisations \u00e0 but non lucratif<\/h4>\n\n\n\n<p><a href=\"https:\/\/owasp.org\/\">OWASP Foundation<\/a>&nbsp;(Projet ouvert de s\u00e9curit\u00e9 des applications web)<\/p>\n\n\n\n<p><a href=\"https:\/\/www.mitre.org\/\">Mitre<\/a><\/p>\n\n\n\n<p><a href=\"https:\/\/www.hackingisnotacrime.org\/\">Hacking Is Not A Crime<\/a><\/p>\n\n\n\n<p><a href=\"https:\/\/cryptrz.github.io\/Links\/#non-profit-organizations\"><\/a><\/p>\n","protected":false},"excerpt":{"rendered":"<p>Contenus cr\u00e9\u00e9s par Franck Ridel Apprentissage Maintenir et s\u00e9curiser son blog sous WordPress: eBook sur la s\u00e9curit\u00e9 de WordPress Fedora as a pentesting OS: Pr\u00e9sentation en anglais de la conteneurisation<a href=\"https:\/\/cryptrz.org\/wordpress\/useful-links\/\" class=\"more-link\"><span class=\"readmore\">Continue reading<span class=\"screen-reader-text\">Liens utiles<\/span><\/span><\/a><\/p>\n","protected":false},"author":1,"featured_media":0,"parent":0,"menu_order":0,"comment_status":"closed","ping_status":"closed","template":"","meta":{"jetpack_post_was_ever_published":false,"footnotes":""},"class_list":["post-45","page","type-page","status-publish","hentry"],"yoast_head":"<!-- This site is optimized with the Yoast SEO plugin v27.4 - https:\/\/yoast.com\/product\/yoast-seo-wordpress\/ -->\n<title>Liens utiles &#8226; Cryptrz<\/title>\n<meta name=\"robots\" content=\"index, follow, max-snippet:-1, max-image-preview:large, max-video-preview:-1\" \/>\n<link rel=\"canonical\" href=\"https:\/\/cryptrz.org\/wordpress\/useful-links\/\" \/>\n<meta property=\"og:locale\" content=\"fr_FR\" \/>\n<meta property=\"og:type\" content=\"article\" \/>\n<meta property=\"og:title\" content=\"Liens utiles &#8226; Cryptrz\" \/>\n<meta property=\"og:description\" content=\"Contenus cr\u00e9\u00e9s par Franck Ridel Apprentissage Maintenir et s\u00e9curiser son blog sous WordPress: eBook sur la s\u00e9curit\u00e9 de WordPress Fedora as a pentesting OS: Pr\u00e9sentation en anglais de la conteneurisationContinue readingLiens utiles\" \/>\n<meta property=\"og:url\" content=\"https:\/\/cryptrz.org\/wordpress\/useful-links\/\" \/>\n<meta property=\"og:site_name\" content=\"Cryptrz\" \/>\n<meta property=\"article:modified_time\" content=\"2025-09-14T17:25:54+00:00\" \/>\n<meta property=\"og:image\" content=\"https:\/\/cryptrz.org\/wordpress\/wp-content\/uploads\/2025\/05\/cryptrz-shield-logo-WIDE.png\" \/>\n\t<meta property=\"og:image:width\" content=\"1200\" \/>\n\t<meta property=\"og:image:height\" content=\"675\" \/>\n\t<meta property=\"og:image:type\" content=\"image\/png\" \/>\n<meta name=\"twitter:card\" content=\"summary_large_image\" \/>\n<meta name=\"twitter:label1\" content=\"Dur\u00e9e de lecture estim\u00e9e\" \/>\n\t<meta name=\"twitter:data1\" content=\"2 minutes\" \/>\n<script type=\"application\/ld+json\" class=\"yoast-schema-graph\">{\"@context\":\"https:\\\/\\\/schema.org\",\"@graph\":[{\"@type\":\"WebPage\",\"@id\":\"https:\\\/\\\/cryptrz.org\\\/wordpress\\\/useful-links\\\/\",\"url\":\"https:\\\/\\\/cryptrz.org\\\/wordpress\\\/useful-links\\\/\",\"name\":\"Liens utiles &#8226; Cryptrz\",\"isPartOf\":{\"@id\":\"https:\\\/\\\/cryptrz.org\\\/wordpress\\\/#website\"},\"datePublished\":\"2024-03-28T19:13:24+00:00\",\"dateModified\":\"2025-09-14T17:25:54+00:00\",\"breadcrumb\":{\"@id\":\"https:\\\/\\\/cryptrz.org\\\/wordpress\\\/useful-links\\\/#breadcrumb\"},\"inLanguage\":\"fr-FR\",\"potentialAction\":[{\"@type\":\"ReadAction\",\"target\":[\"https:\\\/\\\/cryptrz.org\\\/wordpress\\\/useful-links\\\/\"]}]},{\"@type\":\"BreadcrumbList\",\"@id\":\"https:\\\/\\\/cryptrz.org\\\/wordpress\\\/useful-links\\\/#breadcrumb\",\"itemListElement\":[{\"@type\":\"ListItem\",\"position\":1,\"name\":\"Accueil\",\"item\":\"https:\\\/\\\/cryptrz.org\\\/wordpress\\\/\"},{\"@type\":\"ListItem\",\"position\":2,\"name\":\"Liens utiles\"}]},{\"@type\":\"WebSite\",\"@id\":\"https:\\\/\\\/cryptrz.org\\\/wordpress\\\/#website\",\"url\":\"https:\\\/\\\/cryptrz.org\\\/wordpress\\\/\",\"name\":\"Cryptrz\",\"description\":\"Franck Ridel\",\"publisher\":{\"@id\":\"https:\\\/\\\/cryptrz.org\\\/wordpress\\\/#\\\/schema\\\/person\\\/24ebe8f2cc302fa3336ab7509a09b7ec\"},\"alternateName\":\"Franck Ridel\",\"potentialAction\":[{\"@type\":\"SearchAction\",\"target\":{\"@type\":\"EntryPoint\",\"urlTemplate\":\"https:\\\/\\\/cryptrz.org\\\/wordpress\\\/?s={search_term_string}\"},\"query-input\":{\"@type\":\"PropertyValueSpecification\",\"valueRequired\":true,\"valueName\":\"search_term_string\"}}],\"inLanguage\":\"fr-FR\"},{\"@type\":[\"Person\",\"Organization\"],\"@id\":\"https:\\\/\\\/cryptrz.org\\\/wordpress\\\/#\\\/schema\\\/person\\\/24ebe8f2cc302fa3336ab7509a09b7ec\",\"name\":\"cryptrz\",\"image\":{\"@type\":\"ImageObject\",\"inLanguage\":\"fr-FR\",\"@id\":\"https:\\\/\\\/cryptrz.org\\\/wordpress\\\/wp-content\\\/uploads\\\/2024\\\/09\\\/cover-design.jpg\",\"url\":\"https:\\\/\\\/cryptrz.org\\\/wordpress\\\/wp-content\\\/uploads\\\/2024\\\/09\\\/cover-design.jpg\",\"contentUrl\":\"https:\\\/\\\/cryptrz.org\\\/wordpress\\\/wp-content\\\/uploads\\\/2024\\\/09\\\/cover-design.jpg\",\"width\":1024,\"height\":1024,\"caption\":\"cryptrz\"},\"logo\":{\"@id\":\"https:\\\/\\\/cryptrz.org\\\/wordpress\\\/wp-content\\\/uploads\\\/2024\\\/09\\\/cover-design.jpg\"},\"description\":\"Sysadmin de Luxembourg House of Cybersecurity fan d'open source et autres Unixeries\",\"sameAs\":[\"https:\\\/\\\/cryptrz.org\\\/wordpress\",\"https:\\\/\\\/www.linkedin.com\\\/in\\\/franck-ridel\\\/\",\"https:\\\/\\\/www.youtube.com\\\/@FranckRidel\",\"https:\\\/\\\/soundcloud.com\\\/franck-ridel-2\"]}]}<\/script>\n<!-- \/ Yoast SEO plugin. -->","yoast_head_json":{"title":"Liens utiles &#8226; Cryptrz","robots":{"index":"index","follow":"follow","max-snippet":"max-snippet:-1","max-image-preview":"max-image-preview:large","max-video-preview":"max-video-preview:-1"},"canonical":"https:\/\/cryptrz.org\/wordpress\/useful-links\/","og_locale":"fr_FR","og_type":"article","og_title":"Liens utiles &#8226; Cryptrz","og_description":"Contenus cr\u00e9\u00e9s par Franck Ridel Apprentissage Maintenir et s\u00e9curiser son blog sous WordPress: eBook sur la s\u00e9curit\u00e9 de WordPress Fedora as a pentesting OS: Pr\u00e9sentation en anglais de la conteneurisationContinue readingLiens utiles","og_url":"https:\/\/cryptrz.org\/wordpress\/useful-links\/","og_site_name":"Cryptrz","article_modified_time":"2025-09-14T17:25:54+00:00","og_image":[{"width":1200,"height":675,"url":"https:\/\/cryptrz.org\/wordpress\/wp-content\/uploads\/2025\/05\/cryptrz-shield-logo-WIDE.png","type":"image\/png"}],"twitter_card":"summary_large_image","twitter_misc":{"Dur\u00e9e de lecture estim\u00e9e":"2 minutes"},"schema":{"@context":"https:\/\/schema.org","@graph":[{"@type":"WebPage","@id":"https:\/\/cryptrz.org\/wordpress\/useful-links\/","url":"https:\/\/cryptrz.org\/wordpress\/useful-links\/","name":"Liens utiles &#8226; Cryptrz","isPartOf":{"@id":"https:\/\/cryptrz.org\/wordpress\/#website"},"datePublished":"2024-03-28T19:13:24+00:00","dateModified":"2025-09-14T17:25:54+00:00","breadcrumb":{"@id":"https:\/\/cryptrz.org\/wordpress\/useful-links\/#breadcrumb"},"inLanguage":"fr-FR","potentialAction":[{"@type":"ReadAction","target":["https:\/\/cryptrz.org\/wordpress\/useful-links\/"]}]},{"@type":"BreadcrumbList","@id":"https:\/\/cryptrz.org\/wordpress\/useful-links\/#breadcrumb","itemListElement":[{"@type":"ListItem","position":1,"name":"Accueil","item":"https:\/\/cryptrz.org\/wordpress\/"},{"@type":"ListItem","position":2,"name":"Liens utiles"}]},{"@type":"WebSite","@id":"https:\/\/cryptrz.org\/wordpress\/#website","url":"https:\/\/cryptrz.org\/wordpress\/","name":"Cryptrz","description":"Franck Ridel","publisher":{"@id":"https:\/\/cryptrz.org\/wordpress\/#\/schema\/person\/24ebe8f2cc302fa3336ab7509a09b7ec"},"alternateName":"Franck Ridel","potentialAction":[{"@type":"SearchAction","target":{"@type":"EntryPoint","urlTemplate":"https:\/\/cryptrz.org\/wordpress\/?s={search_term_string}"},"query-input":{"@type":"PropertyValueSpecification","valueRequired":true,"valueName":"search_term_string"}}],"inLanguage":"fr-FR"},{"@type":["Person","Organization"],"@id":"https:\/\/cryptrz.org\/wordpress\/#\/schema\/person\/24ebe8f2cc302fa3336ab7509a09b7ec","name":"cryptrz","image":{"@type":"ImageObject","inLanguage":"fr-FR","@id":"https:\/\/cryptrz.org\/wordpress\/wp-content\/uploads\/2024\/09\/cover-design.jpg","url":"https:\/\/cryptrz.org\/wordpress\/wp-content\/uploads\/2024\/09\/cover-design.jpg","contentUrl":"https:\/\/cryptrz.org\/wordpress\/wp-content\/uploads\/2024\/09\/cover-design.jpg","width":1024,"height":1024,"caption":"cryptrz"},"logo":{"@id":"https:\/\/cryptrz.org\/wordpress\/wp-content\/uploads\/2024\/09\/cover-design.jpg"},"description":"Sysadmin de Luxembourg House of Cybersecurity fan d'open source et autres Unixeries","sameAs":["https:\/\/cryptrz.org\/wordpress","https:\/\/www.linkedin.com\/in\/franck-ridel\/","https:\/\/www.youtube.com\/@FranckRidel","https:\/\/soundcloud.com\/franck-ridel-2"]}]}},"jetpack_sharing_enabled":true,"jetpack_likes_enabled":true,"_links":{"self":[{"href":"https:\/\/cryptrz.org\/wordpress\/wp-json\/wp\/v2\/pages\/45","targetHints":{"allow":["GET"]}}],"collection":[{"href":"https:\/\/cryptrz.org\/wordpress\/wp-json\/wp\/v2\/pages"}],"about":[{"href":"https:\/\/cryptrz.org\/wordpress\/wp-json\/wp\/v2\/types\/page"}],"author":[{"embeddable":true,"href":"https:\/\/cryptrz.org\/wordpress\/wp-json\/wp\/v2\/users\/1"}],"replies":[{"embeddable":true,"href":"https:\/\/cryptrz.org\/wordpress\/wp-json\/wp\/v2\/comments?post=45"}],"version-history":[{"count":11,"href":"https:\/\/cryptrz.org\/wordpress\/wp-json\/wp\/v2\/pages\/45\/revisions"}],"predecessor-version":[{"id":45893,"href":"https:\/\/cryptrz.org\/wordpress\/wp-json\/wp\/v2\/pages\/45\/revisions\/45893"}],"wp:attachment":[{"href":"https:\/\/cryptrz.org\/wordpress\/wp-json\/wp\/v2\/media?parent=45"}],"curies":[{"name":"wp","href":"https:\/\/api.w.org\/{rel}","templated":true}]}}